s divided by x(33)?
17
Suppose -4*i - 4*q = -68772, -8*i - 5*q = -5*i - 51577. Calculate the remainder when i is divided by 12.
10
Let a(u) = -7*u - 10*u - 818 + 777. Calculate the remainder when a(-9) is divided by 6.
4
Let t = -3202 - -3344. What is the remainder when t is divided by 21?
16
What is the remainder when 3798/42 + 54/21 + (-12)/4 is divided by 62?
28
Let a be (-1)/(-3 + 165/54). Let w = -10 - a. Calculate the remainder when (w + -5)/((-1)/(-3)) is divided by 6.
3
Let q(o) = -7 - o + 10*o - 2. Let t be q(9). Suppose 0*h - t = -4*h. Calculate the remainder when h is divided by 10.
8
Let c = 215 + -166. Suppose 2*l + 172 = 4*a, -3*l + 1 = -a + c. What is the remainder when a is divided by 24?
18
Suppose w - 1 - 20 = 0. Calculate the remainder when ((-63)/42)/(18/(-5508)) is divided by w.
18
Suppose 0 = -60*y + 6*y + 54. Let j = 33 - 31. Calculate the remainder when j is divided by y.
0
Let m = 2104 - -751. Calculate the remainder when m is divided by 12.
11
Let m = 1077 + -1030. Calculate the remainder when 550 is divided by m.
33
Suppose 4768 + 19376 = 24*g. What is the remainder when g is divided by 253?
247
Let s = 284 + 56. What is the remainder when ((-76)/(-5))/((s/50)/17) is divided by 21?
17
Suppose 13*q + 10*q + 17112 = 0. Let x = 749 + q. Calculate the remainder when 22 is divided by x.
2
Suppose 17 = 2*i + 3. Let g be (-2 - 0)*(-204)/24. Suppose -l = -5*y + 45, -y = 3*l - g - 8. Calculate the remainder when y is divided by i.
3
Let l(r) = 96*r**3 - 23*r**2 + 21*r + 2. Let i = 433 - 151. Calculate the remainder when i is divided by l(1).
90
Let y(g) = g**3 + 9*g**2 - 14*g + 3. Suppose -5*l + 3*h = 39, -l - 3*l + h = 27. What is the remainder when l*(3 + (-252)/8) is divided by y(-10)?
42
Let u = -22 - -50. Let n = -23 + u. Suppose 4*c - 64 = 4*x, -4*x + 67 + 13 = n*c. What is the remainder when 27 is divided by c?
11
Suppose -15*t - 84*t + 418 = -374. Suppose 3*u + i = 14, u - 8 - 4 = -4*i. What is the remainder when t is divided by u?
0
Let u(a) = -5*a - 14. Let w = 197 - 146. Calculate the remainder when u(-43) is divided by w.
48
Suppose 0 = -3*i + i + 54 + 30. Calculate the remainder when 745 is divided by i.
31
Let o(h) = 2*h**2 + 237*h + 1505. Calculate the remainder when 338 is divided by o(-112).
44
Suppose 5*x + 4*t - 17 = 26, 0 = 2*x + 5*t - 7. Suppose 0 = p - 5*d - x - 31, -25 = 5*d. What is the remainder when 20 is divided by p?
3
Let n(a) = -16*a - 14. Let o be n(-1). Suppose -100 = -2*f - 2*f. Calculate the remainder when f is divided by o - ((-7 - -5)*6 + 5).
7
What is the remainder when ((-5524)/14)/(64/(-224)) is divided by 26?
3
Let m = 56 - -94. Let u be (56/(-6))/((-10)/(-30)). Let t = u - -47. Calculate the remainder when m is divided by t.
17
Let x = 2493 + -2427. What is the remainder when 111 is divided by x?
45
Suppose 0 = 3*b - 431 + 71. Let j(c) = 31*c + 1504. Calculate the remainder when j(-37) is divided by b.
117
Let l(c) = -c**3 - 27*c**2 + 52*c + 32. Suppose 16*q + 1102 = 1406. Calculate the remainder when l(-29) is divided by q.
16
Let d be (-10)/(-165)*-9 + (-16251)/33. Let f = -340 - d. What is the remainder when f is divided by 39?
36
Let n = -390 + 394. Suppose -1 = -d + n, d = u - 853. Calculate the remainder when u is divided by 86.
84
Suppose 4*z - 113 - 35 = 0. What is the remainder when 181 is divided by z?
33
Suppose 2772 - 326 = -3*o + 2*v, 4070 = -5*o + 2*v. Calculate the remainder when 167 is divided by o/8*(-8)/14.
51
Calculate the remainder when ((-6)/(-7))/(2/((-6020)/(-15))) is divided by 26.
16
Let o = -1135 + 1167. What is the remainder when 96 - (1 - (2 - 3)) is divided by o?
30
Let c = 68 - -25. Let a = c - -25. Calculate the remainder when a is divided by 7.
6
Let a be -3 - (0 + 2/1 + 0). What is the remainder when (7/(-1) - a) + (-3 - -422) is divided by 14?
11
Suppose 3*u + 1 = -3*y + 37, -y = -u + 20. Suppose -u*k + 321 = -415. Calculate the remainder when k is divided by 12.
10
Suppose 17025 = 337*v + 3545. Calculate the remainder when 10038 is divided by v.
38
Let t be 18/((-6)/1) - 336/(-3). Let b = 147 - t. What is the remainder when 112 is divided by b?
36
Let m(a) = a**3 + 16*a**2 + 34*a - 19. Calculate the remainder when 733 is divided by m(-9).
7
Suppose 5*d = 5*n + 200, -13*d - 118 = -16*d + 5*n. What is the remainder when 2787 is divided by d?
40
Let l(b) = 3*b**2 - 3*b + 4. Calculate the remainder when l(-5) is divided by 5640/(-194580) - (-3)/((-414)/(-1246)).
4
Let v = -213 + 231. Suppose -3*z = -l - 55, -z + l + v + 1 = 0. Calculate the remainder when z is divided by 10.
8
Let u be 15/9 + -2 - 415/15. Let h = -44 - u. Let j = h + 19. Calculate the remainder when 3 is divided by j.
0
Let s(q) be the third derivative of -23*q**4/24 - 35*q**3/2 + 36*q**2. What is the remainder when 156 is divided by s(-6)?
24
Let t(f) = -f**2 + 8*f + 17. Let c be t(10). Suppose 0 = 3*o - 34 - 95. Calculate the remainder when o is divided by c/3 + 6 + 6.
10
Let o be 1 - (12/(-4) + 4). Suppose -2*f + 6 = -o. Suppose 0 = 5*c + p - 52, 2*c - 5*p - 40 = -f*c. Calculate the remainder when 49 is divided by c.
9
Suppose -4418 - 3733 = -143*p. Suppose 5*z - 7 - 108 = 0. Calculate the remainder when p is divided by z.
11
Suppose -4*s - 89 = 47. Let l = -34 - s. Suppose 2*f + 4*k - 86 = l, -4*k - 3 = 5. What is the remainder when f is divided by 10?
7
Let i be (-912)/(-20) + (-2)/(-5). Suppose 2*v = 4*y - 132 + i, -y - 4*v = 1. Calculate the remainder when y is divided by 7.
5
Let r(c) = -3*c + 9. Suppose d + 2 = 12. Suppose -w - d = -2. What is the remainder when 131 is divided by r(w)?
32
Let z(y) = -3*y + 6. Let g be z(6). Let n be 1*3/g - 11/4. What is the remainder when 0 - (1 + (n - -4)) - -22 is divided by 11?
9
Let k be -5 - -1 - (-41 + 12). What is the remainder when 92 is divided by (-312)/(-10) - (0 - (-5)/k)?
30
Suppose 3*f + 1693 = 4*z + 8*f, -1853 = -5*z + 23*f. Calculate the remainder when z is divided by 101.
8
Let o = -12 - -14. Calculate the remainder when ((-454)/(-4) - -6)*o is divided by 15.
14
Suppose 159293 = 70*x + 36298 - 30165. What is the remainder when x is divided by 25?
13
Let q(l) = -2*l**3 - 5*l**2 - 3*l + 54. What is the remainder when q(-3) is divided by 41?
31
Let z(w) = 3*w + 205. Let v be z(57). Let u be (-4)/(-6) + (-52)/(-12). Suppose u*c + 4*s - v = s, -2 = -s. What is the remainder when c is divided by 26?
22
Let g(k) = -k**3 + 5*k**2 + 8*k + 3. Let q = -29 - -206. Suppose -s + 87 = -3*c + 5*c, -5*s = 4*c - q. What is the remainder when c is divided by g(6)?
13
Suppose -7*s = -3528 + 637. Let r = s + -293. What is the remainder when r is divided by 41?
38
Let j(l) = -l**3 + 22*l**2 + 85*l - 715. What is the remainder when j(18) is divided by 12?
11
Let b = -87 + 70. Suppose 5*p - 3*p + 5*d - 46 = 0, 5*p - d = 169. Calculate the remainder when p is divided by (b/(-5))/((-58)/10 - -6).
16
Let k be (-1)/1 + (-18 - -6). Let h = k - -18. Suppose -m + 101 = 4*o, -h*o + 4*m + 0*m = -121. What is the remainder when o is divided by 10?
5
Let x = -82 + 108. Let z = 18 - 8. Calculate the remainder when (x - -1) + (-2 - -3) is divided by z.
8
Let b be (-1148)/(-6)*(-243)/(-162). Suppose 2*k - 185 - b = -3*x, -4*k = 2*x - 928. Calculate the remainder when k is divided by 78.
74
Suppose 9*p - 66 = 3*p. Calculate the remainder when 94 is divided by p/(-2)*-10 + (-435)/145.
42
Let j(c) = 37*c**2 + 414*c + 15. Calculate the remainder when j(-13) is divided by 91.
67
Let q(c) = -c**2 + 89*c - 169. What is the remainder when 1235 is divided by q(82)?
20
Suppose -3*r = 8*r - 264. Suppose 53*j - 49*j - 184 = 0. Calculate the remainder when j is divided by r.
22
Let o(p) = -63*p - 360. Calculate the remainder when o(-9) is divided by 51.
3
Let s(d) = 107*d**3 - 16*d**2 + 20*d - 5. What is the remainder when 319 is divided by s(1)?
1
Calculate the remainder when 545 is divided by (1 + 0)/(26/2158).
47
Let v = 3 + -9. What is the remainder when 15/(-2*3/v) is divided by (69/(-46))/((-12)/64)?
7
Suppose 46*c - 82*c - 186920 = -56*c. Calculate the remainder when c is divided by 114.
112
Calculate the remainder when 409 is divided by 0 - -7 - 413*1/(-7).
13
Let o = -14 - -27. What is the remainder when (-71 - -99) + 1*11 is divided by (o - 4) + (0 - -2)?
6
Suppos